 of 1668048?
6
What is the tens digit of 406146?
4
What is the millions digit of 2033691?
2
What is the tens digit of 10339271?
7
What is the units digit of 61863?
3
What is the ten thousands digit of 1168225?
6
What is the hundreds digit of 199176?
1
What is the tens digit of 254136?
3
What is the units digit of 15451095?
5
What is the units digit of 7362363?
3
What is the thousands digit of 951127?
1
What is the ten thousands digit of 485976?
8
What is the units digit of 753520?
0
What is the units digit of 604835?
5
What is the hundred thousands digit of 4583912?
5
What is the thousands digit of 325006?
5
What is the units digit of 733902?
2
What is the units digit of 2029555?
5
What is the thousands digit of 1270930?
0
What is the tens digit of 24068811?
1
What is the units digit of 4779480?
0
What is the units digit of 783231?
1
What is the thousands digit of 485410?
5
What is the hundreds digit of 109915?
9
What is the units digit of 554106?
6
What is the tens digit of 91765?
6
What is the thousands digit of 134488?
4
What is the hundreds digit of 168667?
6
What is the units digit of 2097951?
1
What is the ten thousands digit of 912614?
1
What is the units digit of 439318?
8
What is the hundreds digit of 1229638?
6
What is the hundred thousands digit of 200228?
2
What is the hundreds digit of 420837?
8
What is the millions digit of 8054254?
8
What is the units digit of 301885?
5
What is the tens digit of 403480?
8
What is the units digit of 380975?
5
What is the thousands digit of 84196?
4
What is the millions digit of 7260904?
7
What is the thousands digit of 13000591?
0
What is the hundred thousands digit of 19480055?
4
What is the units digit of 14909562?
2
What is the hundreds digit of 102913?
9
What is the units digit of 1072510?
0
What is the ten thousands digit of 1754196?
5
What is the ten millions digit of 14449183?
1
What is the ten millions digit of 15244140?
1
What is the units digit of 3320512?
2
What is the hundred thousands digit of 189112?
1
What is the ten millions digit of 12891411?
1
What is the tens digit of 396049?
4
What is the hundred thousands digit of 8767277?
7
What is the units digit of 663453?
3
What is the units digit of 1798798?
8
What is the thousands digit of 1312524?
2
What is the thousands digit of 15829?
5
What is the hundreds digit of 1662410?
4
What is the hundreds digit of 656955?
9
What is the hundreds digit of 2068427?
4
What is the ten thousands digit of 2495853?
9
What is the ten thousands digit of 901910?
0
What is the hundred thousands digit of 6163882?
1
What is the hundred thousands digit of 121823?
1
What is the units digit of 415523?
3
What is the millions digit of 20895554?
0
What is the tens digit of 4551643?
4
What is the tens digit of 1499117?
1
What is the tens digit of 22383724?
2
What is the millions digit of 6287596?
6
What is the hundreds digit of 5228365?
3
What is the thousands digit of 1810552?
0
What is the hundred thousands digit of 246553?
2
What is the units digit of 4187475?
5
What is the hundreds digit of 1449384?
3
What is the thousands digit of 3517965?
7
What is the hundred thousands digit of 308581?
3
What is the thousands digit of 914464?
4
What is the units digit of 74531?
1
What is the hundred thousands digit of 783595?
7
What is the tens digit of 2274359?
5
What is the ten thousands digit of 254769?
5
What is the ten thousands digit of 31064?
3
What is the units digit of 2497179?
9
What is the ten thousands digit of 11245617?
4
What is the millions digit of 2738254?
2
What is the thousands digit of 645624?
5
What is the hundred thousands digit of 896519?
8
What is the hundred thousands digit of 486969?
4
What is the millions digit of 2858756?
2
What is the ten thousands digit of 170217?
7
What is the tens digit of 1315496?
9
What is the hundreds digit of 1144456?
4
What is the units digit of 118274?
4
What is the hundreds digit of 39921192?
1
What is the tens digit of 1253520?
2
What is the tens digit of 4497870?
7
What is the thousands digit of 7082462?
2
What is the hundred thousands digit of 621952?
6
What is the ten thousands digit of 250821?
5
What is the hundreds digit of 331694?
6
What is the tens digit of 3624072?
7
What is the ten thousands digit of 260250?
6
What is the tens digit of 77836?
3
What is the units digit of 3061954?
4
What is the tens digit of 3224605?
0
What is the hundred thousands digit of 10676408?
6
What is the thousands digit of 543657?
3
What is the hundred thousands digit of 428321?
4
What is the tens digit of 205427?
2
What is the ten millions digit of 18436018?
1
What is the millions digit of 2652067?
2
What is the ten thousands digit of 818180?
1
What is the thousands digit of 3634625?
4
What is the tens digit of 132637?
3
What is the units digit of 12658469?
9
What is the millions digit of 5011234?
5
What is the units digit of 329677?
7
What is the ten thousands digit of 252647?
5
What is the hundreds digit of 9045048?
0
What is the tens digit of 21838?
3
What is the hundreds digit of 4424290?
2
What is the tens digit of 277156?
5
What is the units digit of 3462202?
2
What is the hundred thousands digit of 7765908?
7
What is the tens digit of 626837?
3
What is the tens digit of 85375?
7
What is the thousands digit of 363236?
3
What is the ten thousands digit of 194329?
9
What is the ten thousands digit of 618784?
1
What is the ten thousands digit of 1463269?
6
What is the hundreds digit of 11851389?
3
What is the thousands digit of 389498?
9
What is the ten thousands digit of 2806822?
0
What is the units digit of 28411?
1
What is the ten thousands digit of 694859?
9
What is the ten thousands digit of 2440044?
4
What is the units digit of 672987?
7
What is the tens digit of 35?
3
What is the ten millions digit of 16256013?
1
What is the thousands digit of 265385?
5
What is the hundreds digit of 1150958?
9
What is the tens digit of 21344833?
3
What is the millions digit of 2686688?
2
What is the units digit of 9027564?
4
What is the millions digit of 34203162?
4
What is the units digit of 1601574?
4
What is the hundreds digit of 200441?
4
What is the thousands digit of 607821?
7
What is the hundreds digit of 1170588?
5
What is the tens digit of 3079371?
7
What is the millions digit of 1147919?
1
What is the hundred thousands digit of 869010?
8
What is the tens digit of 15406613?
1
What is the ten thousands digit of 5072330?
7
What is the millions digit of 14897413?
4
What is the tens digit of 193075?
7
What is the tens digit of 1496095?
9
What is the ten millions digit of 25308876?
2
What is the hundred thousands digit of 36401291?
4
What is the millions digit of 1174290?
1
What is the tens digit of 5511712?
1
What is the hundreds digit of 18615942?
9
What is the tens digit of 2040892?
9
What is the hundreds digit of 312478?
4
What is the tens digit of 156795?
9
What is the ten thousands digit of 2850844?
5
What is the units digit of 299927?
7
What is the thousands digit of 301491?
1
What is the units digit of 191131?
1
What is the ten thousands digit of 356474?
5
What is the tens digit of 1903689?
8
What is the ten millions digit of 13351782?
1
What is the hundred thousands digit of 17343677?
3
What is the thousands digit of 342135?
2
What is the tens digit of 647389?
8
What is the units digit of 156919?
9
What is the units digit of 3179078?
8
What is the units digit of 60299?
9
What is the units digit of 474836?
6
What is the hundred thousands digit of 981458?
9
What is the millions digit of 2115623?
2
What is the units digit of 552134?
4
What is the thousands digit of 88197?
8
What is the millions digit of 1350323?
1
What is the units digit of 3465791?
1
What is the ten thousands digit of 2560423?
6
What is the units digit of 1237432?
2
What is the units digit of 33790?
0
What is the tens digit of 382340?
4
What is the hundred thousands digit of 6026587?
0
What is the hundreds digit of 850355?
3
What is the hundred thousands digit of 14214226?
2
What is the millions digit of 9812811?
9
What is the ten thousands digit of 11709242?
0
What is the ten thousands digit of 13796302?
9
What is the tens digit of 101887?
8
What is the units digit of 4809155?
5
What is the thousands digit of 2033499?
3
What is the hundreds digit of 1700